640 (base 16) in base 13?
2792
What is 4ab (base 14) in base 3?
1021122
What is -37 (base 8) in base 11?
-29
-731 (base 13) to base 6
-5355
-1202 (base 4) to base 6
-242
What is -6ac (base 15) in base 5?
-22022
-4523 (base 8) to base 6
-15015
Convert 1733 (base 15) to base 7.
20400
Convert -4053 (base 8) to base 7.
-6045
-7467 (base 12) to base 8
-30717
What is 6240 (base 7) in base 2?
100010001000
What is 13641 (base 15) in base 3?
10011021021
What is -4d48 (base 14) in base 12?
-7a44
1203 (base 5) to base 8
262
What is 1010111101 (base 2) in base 3?
221222
-4e53 (base 15) to base 4
-10011120
Convert 192 (base 15) to base 5.
2422
40505 (base 8) to base 15
4e3e
1210 (base 4) to base 9
121
13884 (base 10) to base 12
8050
What is -103131011 (base 4) in base 6?
-1412525
101334 (base 5) to base 4
310100
Convert -b97c (base 13) to base 9.
-38336
Convert -118871 (base 9) to base 16.
-119da
Convert 414 (base 10) to base 3.
120100
Convert -671 (base 8) to base 6.
-2013
-5451 (base 6) to base 9
-1644
Convert 111111000 (base 2) to base 4.
13320
What is -291 (base 15) in base 4?
-21022
-648 (base 9) to base 8
-1022
What is -3b8 (base 12) in base 8?
-1074
16a (base 16) to base 15
192
Convert -10103 (base 5) to base 11.
-544
46667 (base 9) to base 13
11254
110100101011 (base 2) to base 3
11121212
34332 (base 7) to base 12
5089
What is -1761 (base 13) in base 12?
-2003
What is 17b84 (base 12) in base 2?
1000011011010100
What is -104 (base 16) in base 2?
-100000100
What is -1a33 (base 11) in base 2?
-101000010001
Convert 23a (base 11) to base 16.
11d
What is -237 (base 16) in base 15?
-27c
What is 21 (base 13) in base 7?
36
What is -1637 (base 14) in base 7?
-14400
What is a525 (base 11) in base 6?
144314
What is -8a5 (base 14) in base 2?
-11010110001
-1003341 (base 5) to base 2
-11111011100000
Convert 11584 (base 10) to base 3.
120220001
What is -12231222 (base 4) in base 8?
-65552
-1738b (base 12) to base 2
-1000001001011011
2503 (base 8) to base 2
10101000011
What is 28 (base 16) in base 14?
2c
1421 (base 10) to base 5
21141
Convert -21023 (base 4) to base 12.
-40b
Convert 3f5 (base 16) to base 4.
33311
What is -1001000001110011 (base 2) in base 11?
-25868
Convert -11111100101 (base 2) to base 5.
-31041
-10011111100 (base 2) to base 5
-20101
12368 (base 10) to base 4
3001100
Convert -19a8 (base 13) to base 12.
-2294
-8ad (base 16) to base 13
-101b
What is -400200 (base 6) in base 7?
-156615
What is -1301003 (base 4) in base 15?
-2225
111100010001001 (base 2) to base 5
1441412
What is -3199 (base 15) in base 12?
-60a6
Convert 110011010 (base 2) to base 5.
3120
Convert -17 (base 11) to base 9.
-20
What is -6bd8 (base 14) in base 7?
-105561
What is -c10 (base 15) in base 12?
-16a3
Convert 35273 (base 10) to base 13.
13094
-6346 (base 9) to base 15
-15a9
Convert 20055 (base 7) to base 14.
1a9c
What is 25 (base 12) in base 10?
29
a2bb (base 12) to base 11
12341
141255 (base 7) to base 6
324300
What is -19b2 (base 14) in base 5?
-122124
What is 220 (base 15) in base 9?
583
Convert 55100 (base 7) to base 15.
412e
-1607 (base 9) to base 4
-103012
Convert 4300 (base 6) to base 10.
972
What is -15145 (base 6) in base 2?
-100110001001
What is -664 (base 7) in base 4?
-11110
Convert -3202 (base 7) to base 4.
-101221
What is -1202102 (base 4) in base 5?
-200130
-1bb (base 15) to base 4
-12101
Convert -6105 (base 9) to base 11.
-3395
What is 2273 (base 8) in base 3?
1122212
22d (base 14) to base 8
661
What is -37435 (base 12) in base 15?
-172eb
What is 202021 (base 3) in base 6?
2311
What is -10575 (base 9) in base 2?
-1101101111010
-4232 (base 6) to base 2
-1110111100
-50152 (base 8) to base 12
-bab6
What is 1415 (base 7) in base 11?
461
What is 186 (base 12) in base 11?
204
What is 37ad (base 14) in base 2?
10011000011101
Convert -14140 (base 6) to base 14.
-b48
-10010301 (base 4) to base 8
-40461
Convert -112503 (base 7) to base 4.
-10322232
What is 13003121 (base 4) in base 8?
70331
-30300311 (base 4) to base 11
-36305
-211000210 (base 3) to base 8
-37273
Convert 1836 (base 12) to base 9.
4006
Convert 46 (base 9) to base 8.
52
Convert -110655 (base 7) to base 11.
-13756
What is -1a381 (base 11) in base 13?
-cc0b
-121012 (base 3) to base 14
-233
Convert -a3ba (base 14) to base 9.
-42604
What is 1226 (base 7) in base 2?
111001101
Convert 21504 (base 6) to base 11.
2280
Convert -13212 (base 5) to base 12.
-741
30335 (base 10) to base 7
154304
What is 202122 (base 3) in base 9?
678
What is -2003 (base 5) in base 13?
-166
-22323 (base 4) to base 15
-319
Convert -222200122 (base 3) to base 8.
-46001
3741 (base 12) to base 8
14141
Convert 1202 (base 10) to base 6.
5322
What is 105233 (base 7) in base 4?
10203110
Convert -130201 (base 4) to base 3.
-2111121
Convert -1100022110 (base 3) to base 2.
-110011101101000
Convert 50c (base 13) to base 14.
453
What is 22121011 (base 3) in base 6?
45004
What is -4868 (base 10) in base 8?
-11404
What is -316 (base 9) in base 4?
-10002
Convert 113211 (base 8) to base 14.
10089
What is 3112 (base 9) in base 12?
139b
Convert 703 (base 10) to base 6.
3131
Convert -53435 (base 6) to base 4.
-1301333
Convert -1001011 (base 2) to base 7.
-135
-5144 (base 6) to base 13
-6a0
Convert 4e (base 15) to base 7.
134
380 (base 9) to base 6
1243
302 (base 11) to base 7
1031
-21130331 (base 4) to base 15
-b712
Convert 20323 (base 4) to base 11.
47a
Convert 1100110010111 (base 2) to base 15.
1e1b
Convert 1022020201 (base 3) to base 9.
38221
-58a9 (base 14) to base 7
-63002
What is -20321 (base 4) in base 13?
-34a
714 (base 12) to base 10
1024
339 (base 13) to base 7
1422
What is -431 (base 12) in base 15?
-2ad
2275 (base 11) to base 10
2986
What is -800 (base 9) in base 14?
-344
Convert 30240 (base 6) to base 8.
7620
11002111 (base 3) to base 16
ba7
Convert 11112 (base 4) to base 6.
1330
9057 (base 11) to base 9
17458
What is 1110110110100 (base 2) in base 12?
4498
Convert -1134234 (base 5) to base 13.
-9854
Convert 81151 (base 10) to base 14.
21807
Convert 33463 (base 7) to base 11.
6403
What is -69 (base 12) in base 14?
-5b
Convert 3e98 (base 16) to base 15.
4b34
-1d2 (base 15) to base 2
-110100110
e3 (base 15) to base 4
3111
10110111110101 (base 2) to base 4
2313311
Convert 2277 (base 12) to base 16.
efb
Convert -1251 (base 6) to base 15.
-164
-21223 (base 6) to base 10
-2895
Convert 1828 (base 9) to base 5.
21103
-23130 (base 5) to base 3
-2021200
-1043011 (base 5) to base 13
-8567
-5922 (base 12) to base 9
-14588
Convert -3251 (base 12) to base 4.
-1112131
-34263 (base 7) to base 9
-12856
What is 30623 (base 9) in base 16?
4ede
-3114 (base 9) to base 3
-10010111
215 (base 6) to base 15
58
Convert -1254 (base 8) to base 9.
-840
Convert -b704 (base 12) to base 10.
-20020
What is -21064 (base 7) in base 12?
-3007
-36e (base 15) to base 5
-11104
617 (base 11) to base 6
3240
20104 (base 9) to base 12
7787
Convert 1101230 (base 6) to base 7.
315405
-263 (base 7) to base 15
-98
647 (base 8) to base 12
2b3
-1301153 (base 6) to base 10
-70269
What is 1000110101110000 (base 2) in base 11?
25227
What is 33505 (base 6) in base 7?
16523
-4a18 (base 15) to base 13
-7244
What is 8553 (base 10) in base 3?
102201210
What is -285 (base 12) in base 8?
-605
What is -1101121 (base 3) in base 6?
-4411
Convert 17871 (base 11) to base 3.
1021022002
-27ba (base 14) to base 3
-100122011
What is -21221102 (base 3) in base 16?
-169d
What is 10403 (base 6) in base 2?
10110100011
What is 639b (base 12) in base 10?
10919
What is -12001101 (base 3) in base 11?
-2848
232003 (base 4) to base 16
b83
What is -332 (base 7) in base 10?
-170
What is -c87 (base 15) in base 5?
-42302
Convert -1605 (base 9) to base 4.
-103010
What is 311 (base 5) in base 15?
56
Convert -100013 (base 5) to base 4.
-300331
-435253 (base 6) to base 15
-aabc
Convert -2e5 (base 16) to base 14.
-3ad
What is -1313 (base 8) in base 11?
-5a0
Convert 100113 (base 4) to base 13.
627
Convert -114 (base 8) to base 7.
-136
398 (base 13) to base 9
772
What is -76553 (base 10) in base 14?
-1dc81
Convert -2e4 (base 16) to base 12.
-518
Convert -244b (base 12) to base 3.
-12121112
Convert -2011011 (base 3) to base 7.
-4402
What is -1112 (base 5) in base 13?
-c1
Convert 4524 (base 6) to base 8.
2044
Convert 89 (base 11)